 r + 15. Calculate the remainder when 19 is divided by h(r).
9
Suppose 7*s - 4*s = 2*q - 13, -52 = -5*q + s. What is the remainder when 18 is divided by q?
7
Let u = -136 - -214. What is the remainder when u is divided by 27?
24
Suppose 4*z - 2*t = 272, 2*z - 4*t = -16 + 140. What is the remainder when (z/(-21))/((-1)/3) is divided by 1 + -1 + 1 + 2?
1
Suppose -5*v = -1 - 4. Suppose -8 = -4*g + 12. Suppose 0 = g*m - d - 7, 5*m = -2*d - 2*d + 22. Calculate the remainder when m is divided by v.
0
Let n(k) = k**3 + 8*k**2 + 9*k + 7. Calculate the remainder when n(-6) is divided by 15.
10
Suppose -2*s = 3*s. Suppose s = -5*w - 3*h + 178, h + h + 122 = 3*w. What is the remainder when w is divided by 14?
10
Suppose 14 = v + 5. Suppose 0 = 3*f + v - 57. Calculate the remainder when 63 is divided by f.
15
Let d(t) = -3*t + 6*t - 3*t - 6 + 6*t. What is the remainder when 69 is divided by d(4)?
15
Let w(b) = -10*b + 9. Calculate the remainder when w(-4) is divided by 13.
10
Suppose i + 5 = 3*n, -5*n - 3*i - i = 3. Suppose 0 = -2*r - 1 + 7. Calculate the remainder when r is divided by n.
0
Let p(n) = 2*n**2 + n - 3. Let m = -3 - -5. Suppose m*t = t + 23. What is the remainder when t is divided by p(-3)?
11
Let s(n) = n**2 + 3*n + 3. Suppose 2*i - 2 = 4. Suppose i*p - 160 = -37. What is the remainder when p is divided by s(-6)?
20
Let p(o) = -o**3 - 4*o**2 - 4*o + 2. What is the remainder when p(-5) is divided by 12?
11
Let m be 20/(-3)*(-12)/8. What is the remainder when (68/(-6))/(2/(-6)) is divided by 4/m - 58/(-5)?
10
Suppose r + r = 48. Suppose 31 = s + 22. Calculate the remainder when r is divided by s.
6
Suppose -4*z + 0*v + 3*v = -36, z + 2*v - 9 = 0. What is the remainder when 44 is divided by z?
8
Let r(s) = s**3 - 11*s**2 + 24*s + 17. What is the remainder when r(10) is divided by 32?
29
Let w(j) = 7*j + 6. Suppose -4*r + 13 = -67. Let b = r - 6. What is the remainder when w(5) is divided by b?
13
Calculate the remainder when 14 is divided by (0 + -2)/((-8)/20).
4
Let v(c) = 23*c**2 - 1. Let a(o) = -2*o**3 - 4*o**2 + o**2 + o**2 - 2*o. What is the remainder when v(-1) is divided by a(-2)?
10
Let v(f) = f**3 - 14*f**2 + 6. Calculate the remainder when v(14) is divided by ((-8)/10)/(8/(-20)).
0
Let p = -8 + 12. Suppose 5*n - 45 = p*v, -27 = -3*n - 0*n - 4*v. Calculate the remainder when (-1)/(-1) - (-15 - 1) is divided by n.
8
Suppose -f - 3*v = -7, 100 = 5*f + 4*v + 21. What is the remainder when 36 is divided by f?
17
Let h = 62 + 84. What is the remainder when h is divided by 22?
14
Suppose 7 = 5*s + j, -15 = 3*j + 2*j. Let z(i) = 0 + 1 + s*i - 3*i. What is the remainder when z(-7) is divided by 3?
2
Suppose -9 = -2*z + x, 5*z + 2*x + 4 - 13 = 0. Let r = 5 - z. What is the remainder when 23 is divided by (-1 + r)*36/3?
11
Suppose 3*p = 3, 2*p = -3*o - o - 6. Let y(w) = -8*w - 1. What is the remainder when 28 is divided by y(o)?
13
Let w = 28 - 26. What is the remainder when 6 is divided by w?
0
Suppose 0 = r - 6*r + 65. What is the remainder when 50 is divided by r?
11
Suppose -8 = 5*a - 28. Let q(d) = -11*d**3 - 1. What is the remainder when q(-1) is divided by a?
2
Suppose 2*k = 5*z + 31, 3*z = 4*k + 6 - 33. Suppose -q + 5*q - 68 = -4*a, -k*q - 59 = -2*a. Calculate the remainder when a is divided by 6.
4
Suppose 3*m + 15 = 0, 4*c + 0*c = 4*m + 92. Suppose 316 = -0*j + 4*j. Let l = -45 + j. What is the remainder when l is divided by c?
16
Suppose 3*i - 86 = -3*d - d, 0 = -2*d + i + 48. Calculate the remainder when 90 is divided by d.
21
Suppose 2*z = 3*o + 4*z, 4*o - 5*z - 23 = 0. Let t(i) = -4 + 1 + 4 + o*i. Calculate the remainder when 7 is divided by t(1).
1
Let r = -8 + -1. Let z(w) = -w - 7. Let k be z(r). Suppose -k*s - 5*i + 3 = 2, -s + i = -11. Calculate the remainder when 23 is divided by s.
7
Suppose j + 0*j = 5. Suppose -3*x = -0*x. Suppose 27 = a - 0*r + j*r, x = -a - 3*r + 27. What is the remainder when a is divided by 14?
13
Let j = 2 + -2. Suppose j = 2*i - 3*i + 10. Suppose 5*s + 2*y = 86, 2*y - 46 = -3*s - 2*y. What is the remainder when s is divided by i?
8
Suppose 0 = -f - 2*f + 6. Calculate the remainder when 6 is divided by f.
0
Calculate the remainder when 36 is divided by 4 + -4 + 40/4.
6
Let x = 6 + -2. Suppose 2*f - 36 = -0*f. What is the remainder when x/4*(0 + 52) is divided by f?
16
Let g be (18/(-15))/((-4)/10). Let m(h) = h**3 + 9*h**2 - h**3 + h + 10 - h**g. Calculate the remainder when 74 is divided by m(9).
17
Let x(p) be the first derivative of -p**4/4 + 7*p**3/3 - 4*p**2 + 6*p + 2. Let b = 20 + -15. What is the remainder when x(b) is divided by 6?
4
Let x = -4 + 6. Suppose x*f - f = 0. What is the remainder when -4 - -1 - (f - 25) is divided by 8?
6
Let z = 16 + -9. Calculate the remainder when 27 is divided by z.
6
Suppose -12*k + 121 = -k. Let h be 2/(0 - -2)*-1. What is the remainder when 20 + (h - -1) + 1 is divided by k?
10
Let v be 22/(-3) + 1/3. Let y = v - -11. Let a = 29 + -19. Calculate the remainder when a is divided by y.
2
Let s = 4 - -10. What is the remainder when 26 is divided by s?
12
Let r(u) = -10*u**2 - 2*u - 2. Let c be r(4). What is the remainder when (-6)/2*c/15 is divided by 12?
10
Suppose y - 2 = 0, 6*u + 2 = 4*u + 3*y. Let r(p) = -p**3 - 7*p**2 - 9*p - 1. What is the remainder when r(-6) is divided by (6/(-8))/(u/(-16))?
5
Let v(c) = 2*c - 2. Calculate the remainder when 28/5 - 3/5 is divided by v(3).
1
Suppose -5 = 2*g + 3, -16 = 3*k + 4*g. Suppose k*h = h - 23. What is the remainder when 66 is divided by h?
20
Let x = -3 - -3. Suppose x = -4*c + 2 + 30. Let u(k) = k**3 - 9*k**2 + 10*k - 1. What is the remainder when u(c) is divided by 8?
7
Let r(l) = 3*l + 3. What is the remainder when r(4) is divided by 6?
3
Suppose -3*g = -c - 86, 2*g + 116 = 6*g - 2*c. Calculate the remainder when 55 is divided by g.
27
Let i(k) = k**2 + 4*k + 5. Calculate the remainder when i(-7) is divided by 14.
12
Let r(h) = 14*h. Calculate the remainder when r(2) is divided by 6.
4
Let n(g) = -g**3 + 13*g**2 - 10*g - 6. Suppose 155 = -3*l + 8*l. Let f = -19 + l. Calculate the remainder when n(f) is divided by 5.
3
Suppose 3*t - 8*u + 5 = -3*u, 3*u = -5*t + 37. What is the remainder when 12 is divided by t?
2
What is the remainder when (-1651)/(-39) + (-4)/(-6) is divided by 9?
7
Calculate the remainder when (2*-22)/(-4)*2 + 2 is divided by 4.
0
Let i(g) = g + 1. Let v be i(6). Let l(d) = 13*d - 8. Let o(t) = 12*t - 8. Let q(m) = v*o(m) - 6*l(m). Calculate the remainder when q(8) is divided by 21.
19
Let l = -138 - -204. Calculate the remainder when l is divided by 23.
20
Suppose 3*f + 2*f = -3*r + 41, 0 = -5*f + r + 53. What is the remainder when f is divided by 3?
1
Let m(s) = s**2 - s - 8. Let t be m(0). Let o = -10 - t. Let d = 4 + o. Calculate the remainder when 4 is divided by d.
0
Let x(a) = a**3 - 6*a**2 + 2*a + 5. Let m(l) = -3 - 4*l - 2*l + 5*l. Let w be m(-9). Calculate the remainder when x(w) is divided by 6.
5
Let h = -85 + 135. Calculate the remainder when h is divided by 1 - 2 - 14/(-1).
11
Let v(t) = 2 + 1 + 4*t - 3*t. What is the remainder when (-60 + 2 + 0)/(-2) is divided by v(7)?
9
Suppose 0*i + 5 = 3*a - 2*i, 2*a + 10 = 4*i. Suppose -2*c - h = -7, -h + 0*h = -a*c + 21. Calculate the remainder when 10 is divided by c.
2
Calculate the remainder when (108/(-21))/((-2)/21) is divided by 28.
26
What is the remainder when 63 is divided by (-264)/30*(-20)/8?
19
Let y = 4 + 1. Suppose 5*j - t = 12, y - 20 = -j - 4*t. Calculate the remainder when j is divided by 2.
1
Let i(f) = 15*f**2 - 5*f - 6. Let v be i(-4). Calculate the remainder when v/10 + 4/(-10) is divided by 6 + (-9)/(3 + -6).
7
Suppose -4*l + 11 + 53 = 0. What is the remainder when 63 is divided by l?
15
Let a = 4 + -2. Let u be 22/(-5 + 2 + a). Let n = u - -54. What is the remainder when n is divided by 17?
15
Let s(k) = k + 13. Let x be s(-11). Let z = 7 - x. Suppose 2*w + 10 = -4*p, p = -4*w - 2*p + z. What is the remainder when 14 is divided by w?
4
Let p(u) = -u**3 - 5*u**2 - 3*u - 8. Calculate the remainder when p(-5) is divided by 5.
2
Let b = 41 + -28. Let h(f) = 2*f**3 - 3*f**2 + f - 1. Let w be h(2). Suppose 5*t - 110 = 3*t - w*c, 3*t - c = 148. What is the remainder when t is divided by b?
11
Let v be (-3 + 0)/1 - -2.